at is the units digit of 10251811?
1
What is the tens digit of 7651169?
6
What is the millions digit of 5806618?
5
What is the thousands digit of 76619?
6
What is the hundred thousands digit of 2598437?
5
What is the thousands digit of 221745?
1
What is the hundred thousands digit of 775680?
7
What is the hundred thousands digit of 2866849?
8
What is the tens digit of 260559?
5
What is the units digit of 247956?
6
What is the ten thousands digit of 78511?
7
What is the tens digit of 443626?
2
What is the units digit of 3021956?
6
What is the hundred thousands digit of 1051558?
0
What is the units digit of 13572?
2
What is the units digit of 2276037?
7
What is the hundred thousands digit of 977778?
9
What is the tens digit of 926628?
2
What is the thousands digit of 1200606?
0
What is the hundreds digit of 1020295?
2
What is the thousands digit of 157911?
7
What is the ten thousands digit of 183934?
8
What is the hundreds digit of 174303?
3
What is the units digit of 22713?
3
What is the hundreds digit of 7525855?
8
What is the thousands digit of 3033878?
3
What is the hundreds digit of 2440126?
1
What is the units digit of 366770?
0
What is the millions digit of 1800057?
1
What is the hundreds digit of 3697743?
7
What is the thousands digit of 12821069?
1
What is the units digit of 19750296?
6
What is the thousands digit of 215359?
5
What is the ten thousands digit of 33241701?
4
What is the tens digit of 1954236?
3
What is the millions digit of 2565865?
2
What is the units digit of 5482934?
4
What is the units digit of 698954?
4
What is the units digit of 3439862?
2
What is the units digit of 569233?
3
What is the millions digit of 19629014?
9
What is the thousands digit of 2549874?
9
What is the ten thousands digit of 92717?
9
What is the tens digit of 280360?
6
What is the hundreds digit of 1638855?
8
What is the hundreds digit of 2995550?
5
What is the hundreds digit of 1675199?
1
What is the tens digit of 16808272?
7
What is the thousands digit of 378993?
8
What is the ten thousands digit of 6538833?
3
What is the hundreds digit of 5069569?
5
What is the hundred thousands digit of 663892?
6
What is the hundreds digit of 4165850?
8
What is the hundreds digit of 517662?
6
What is the thousands digit of 2807713?
7
What is the hundred thousands digit of 8116245?
1
What is the tens digit of 1686167?
6
What is the tens digit of 4032276?
7
What is the tens digit of 173639?
3
What is the hundreds digit of 10711649?
6
What is the units digit of 1175872?
2
What is the millions digit of 1256502?
1
What is the units digit of 9650829?
9
What is the ten thousands digit of 859009?
5
What is the tens digit of 176884?
8
What is the millions digit of 1737289?
1
What is the tens digit of 268008?
0
What is the thousands digit of 51652?
1
What is the hundreds digit of 151509?
5
What is the tens digit of 190356?
5
What is the hundreds digit of 13032202?
2
What is the hundreds digit of 225341?
3
What is the hundred thousands digit of 304565?
3
What is the thousands digit of 1275541?
5
What is the ten millions digit of 24377600?
2
What is the thousands digit of 29974692?
4
What is the thousands digit of 4281516?
1
What is the ten thousands digit of 45262?
4
What is the ten thousands digit of 7713591?
1
What is the tens digit of 5791618?
1
What is the units digit of 7504251?
1
What is the tens digit of 8208?
0
What is the ten thousands digit of 170703?
7
What is the tens digit of 140761?
6
What is the tens digit of 548828?
2
What is the hundred thousands digit of 325906?
3
What is the units digit of 295935?
5
What is the millions digit of 13732066?
3
What is the tens digit of 400588?
8
What is the hundreds digit of 34464?
4
What is the ten thousands digit of 7680533?
8
What is the units digit of 550892?
2
What is the units digit of 18538986?
6
What is the hundred thousands digit of 564377?
5
What is the thousands digit of 364631?
4
What is the ten millions digit of 16627538?
1
What is the thousands digit of 299379?
9
What is the thousands digit of 228046?
8
What is the tens digit of 1057708?
0
What is the hundred thousands digit of 349355?
3
What is the tens digit of 5473599?
9
What is the hundreds digit of 292231?
2
What is the thousands digit of 1092457?
2
What is the hundreds digit of 20760230?
2
What is the hundred thousands digit of 170421?
1
What is the hundred thousands digit of 803757?
8
What is the tens digit of 1731027?
2
What is the hundreds digit of 283534?
5
What is the units digit of 241854?
4
What is the thousands digit of 94437?
4
What is the tens digit of 66456?
5
What is the thousands digit of 195982?
5
What is the tens digit of 154724?
2
What is the ten thousands digit of 464665?
6
What is the units digit of 173677?
7
What is the hundreds digit of 950050?
0
What is the thousands digit of 1268003?
8
What is the units digit of 4010344?
4
What is the thousands digit of 14932896?
2
What is the tens digit of 649494?
9
What is the thousands digit of 7196669?
6
What is the ten thousands digit of 353887?
5
What is the ten thousands digit of 1419406?
1
What is the ten thousands digit of 237175?
3
What is the units digit of 1817194?
4
What is the hundred thousands digit of 3997437?
9
What is the units digit of 1408460?
0
What is the thousands digit of 1648854?
8
What is the ten thousands digit of 583218?
8
What is the hundreds digit of 184841?
8
What is the hundreds digit of 13663592?
5
What is the millions digit of 7336948?
7
What is the hundreds digit of 85190?
1
What is the ten thousands digit of 89391?
8
What is the hundreds digit of 8248076?
0
What is the hundreds digit of 88854?
8
What is the hundreds digit of 74320?
3
What is the millions digit of 5545235?
5
What is the units digit of 94490?
0
What is the thousands digit of 6393994?
3
What is the tens digit of 95806?
0
What is the hundred thousands digit of 17388919?
3
What is the millions digit of 1711234?
1
What is the units digit of 140473?
3
What is the thousands digit of 627308?
7
What is the units digit of 1893172?
2
What is the units digit of 399074?
4
What is the hundred thousands digit of 1722649?
7
What is the ten thousands digit of 287607?
8
What is the units digit of 405079?
9
What is the ten thousands digit of 2312078?
1
What is the units digit of 2150064?
4
What is the hundreds digit of 85484?
4
What is the ten thousands digit of 5345889?
4
What is the tens digit of 13976?
7
What is the millions digit of 5244972?
5
What is the millions digit of 3209876?
3
What is the thousands digit of 4144100?
4
What is the hundred thousands digit of 1720023?
7
What is the thousands digit of 183852?
3
What is the hundred thousands digit of 4138044?
1
What is the ten thousands digit of 213293?
1
What is the hundred thousands digit of 2389790?
3
What is the thousands digit of 788921?
8
What is the units digit of 6190822?
2
What is the hundreds digit of 200173?
1
What is the hundreds digit of 1641224?
2
What is the hundreds digit of 364655?
6
What is the tens digit of 262978?
7
What is the thousands digit of 561413?
1
What is the ten thousands digit of 16698221?
9
What is the tens digit of 11794611?
1
What is the tens digit of 147110?
1
What is the ten thousands digit of 8223905?
2
What is the ten thousands digit of 2083562?
8
What is the thousands digit of 88839?
8
What is the units digit of 787911?
1
What is the ten thousands digit of 240768?
4
What is the units digit of 451522?
2
What is the tens digit of 226315?
1
What is the hundreds digit of 180411?
4
What is the hundred thousands digit of 6979904?
9
What is the thousands digit of 15688639?
8
What is the hundreds digit of 9162466?
4
What is the millions digit of 3738830?
3
What is the units digit of 1590950?
0
What is the ten thousands digit of 148075?
4
What is the units digit of 19946464?
4
What is the units digit of 5878638?
8
What is the units digit of 125527?
7
What is the millions digit of 29582389?
9
What is the hundreds digit of 6015074?
0
What is the hundreds digit of 797979?
9
What is the hundreds digit of 266564?
5
What is the hundred thousands digit of 176918?
1
What is the thousands digit of 19009223?
9
What is the tens digit of 449030?
3
What is the tens digit of 1323283?
8
What is the hundred thousands digit of 1856433?
8
What